tor of r and s.
5
Let p be 14 + 0 + 3/(-3). Let k = p - 8. Suppose 0 = -d - 5*g + 120, 3*g - 623 = -k*d + 43. Calculate the highest common divisor of d and 15.
15
Let w be ((-6)/(-4))/((-3)/(-4)). Suppose 2*k = 4*k - 12. Calculate the highest common divisor of w and k.
2
Suppose 3*r = 3*w + 42, 5*r + w - 4*w - 78 = 0. Suppose -r = 3*k - 5*k. Let d = 3 - -3. What is the highest common factor of k and d?
3
Suppose -t + 9 = 4*a, 0 = 6*t - 3*t + 2*a - 37. Let z = 151 - 47. What is the greatest common divisor of t and z?
13
Suppose -2*v + 10 = d + 3*d, 19 = 5*d - 4*v. Suppose d = -j, -4*l = l - 3*j - 44. What is the highest common divisor of l and 63?
7
Let y be (-2 + 1 + 2)/((-2)/(-24)). What is the highest common factor of 12 and y?
12
Suppose 3*j + 20 = -0*y + y, 5*j = -3*y + 32. What is the highest common divisor of y and 112?
14
Let v(p) = p**2 + 9*p + 11. Let f be v(-8). Let q be 37 - (f - 2 - -1). Suppose 4*o - 34 = -6. Calculate the greatest common factor of q and o.
7
Let a be 45/60 - (-42)/8. Let f = -2 + 17. What is the greatest common factor of f and a?
3
Let t be 1/(-3) - 30/(-9). Calculate the greatest common divisor of 6 and t.
3
Suppose -w + 13 = -6. Calculate the highest common factor of w and 76.
19
Let y(f) = -f - 9. Let x be y(-10). Let b be (x*-4)/(2/(-77)). Calculate the greatest common divisor of b and 14.
14
Suppose -5*n + 65 = -0*n. What is the greatest common factor of n and 143?
13
Let u be (7/(-14))/(3/(-198)). What is the highest common divisor of 22 and u?
11
Let h be (4 + -3)/(4/420). Let c(n) = 16*n**2 - 1. Let r be c(-1). Calculate the greatest common factor of r and h.
15
Suppose 0 = 5*b - 3*y - 31, -2*b - 5*y = -0*b. What is the highest common divisor of 35 and b?
5
Suppose 4*r = -d, -4*d + r = d - 21. Suppose -88 = 2*x + 5*q, d*q + 13 + 3 = 0. Let m = x + 104. Calculate the greatest common divisor of m and 28.
14
Let k be 8/1*(-2)/(-4). Suppose -3 = -l - 2*l, k*o - 5*l = 123. Calculate the highest common divisor of o and 8.
8
Let o(n) = 172*n**2 - 2*n + 1. Let x be o(1). What is the highest common factor of x and 19?
19
Suppose 3*p + 0*p = -2*z + 458, 0 = -5*z - p + 1171. Let i = 400 - z. Suppose -f = 6 - 21. What is the highest common factor of f and i?
15
Suppose 5*w = -2*m + 1, -4*m = 4*w + 4 - 0. Let n = 6 + m. Suppose -n*k + 77 = 2*i - 77, 3*i - 111 = -3*k. Calculate the greatest common factor of 8 and k.
8
Suppose 3*a + 11 = h + 7*a, 5*h = -a + 36. Calculate the greatest common factor of 14 and h.
7
Let q be (-2)/3*-3 - -4. Suppose 2*z = -4*y - 36, 2*z + 14 = -4*y + 2*y. Let o = -5 - y. What is the highest common divisor of o and q?
6
Let g be 4*(-2)/(-4) - -38. Suppose -381 = -16*m - 125. Calculate the greatest common factor of g and m.
8
Let r(y) = 78*y - 2. Let t be r(2). Let w be ((-280)/8)/((-15)/6). Calculate the highest common divisor of t and w.
14
Let r(d) = -d**2 - 4*d + 3. Let q be r(-4). What is the greatest common divisor of q and 57?
3
Let z(d) = 2*d - 4. Let w be z(5). Let i be -4 - 3/(w/(-10)). What is the highest common factor of 9 and i?
1
Let k be ((-3)/(-6))/((-2)/(-1352)). Suppose -5*d = -k - 82. What is the highest common factor of d and 12?
12
Let p(s) = -s**3 + 8*s**2 - 7*s. Let d be p(7). Let m be d + 2 - 27/(-3). What is the greatest common factor of m and 22?
11
Let f(s) = -8*s - 3. Let b be f(4). Let z = b - -53. Let d = 7 - 1. What is the highest common divisor of z and d?
6
Let b = -45 + 60. Let k = 5 - 2. Calculate the greatest common factor of k and b.
3
Let q = 261 - 121. Let z(g) = -6*g - 8. Let f be z(-6). What is the highest common divisor of q and f?
28
Let v(m) = m**2 - 10*m + 6. Let p be v(10). Let n(r) = -r**3 + 5*r**2 + 7*r - 1. Let x be n(p). Calculate the greatest common factor of x and 25.
5
Suppose -o - 22 = -m, -2*m = o - 53 + 12. Suppose 0*a = 4*a. Suppose a = 3*z + 3, q + 3*q - 4*z = 60. Calculate the greatest common factor of q and m.
7
Let d = 175 + -70. Suppose 6 = -p + d. Calculate the highest common divisor of p and 9.
9
Suppose 0 = -2*q + q + 57. Calculate the greatest common factor of q and 19.
19
Suppose -317 = -3*i + 5*p, 5*p - 4*p + 1 = 0. Calculate the greatest common divisor of i and 13.
13
Suppose 67 = 4*b - 3*p, 5*b + 2*p - 1 = 77. What is the highest common factor of b and 40?
8
Let a = 94 - 17. Let o = a + -54. Suppose -d + 2*d + 118 = 5*l, -5*d = -l + 38. What is the greatest common factor of l and o?
23
Let b = 30 + 3. Calculate the highest common factor of b and 11.
11
Let f(v) = v**2 + 3*v - 1. Let i be f(-5). Calculate the greatest common factor of i and 9.
9
Suppose 5*d - 2*m - 195 = 4, -173 = -4*d - 3*m. Suppose -o - 1 = -d. Suppose -8 = g - o. Calculate the highest common divisor of g and 8.
8
Suppose -4*l + 1 = -35. What is the greatest common factor of 9 and l?
9
Suppose -v + 28 = 2*t + v, -3*t = -v - 22. Calculate the highest common divisor of 99 and t.
9
Let r(x) = x + 8. Let c be (2 + -4)/(-1 + 0). Let k = -2 + c. Let a be r(k). Calculate the greatest common divisor of 32 and a.
8
Suppose -3*d + 4 = 2*t, -2*t + 4*t - 2*d = 24. Let o = 5 + -1. What is the highest common divisor of t and o?
4
Let j be ((-162)/(-3))/3 + -2. Let h = -11 + j. Let u be (5/(h/(-16)))/(-1). What is the highest common factor of u and 144?
16
Let t = 49 - 33. Calculate the greatest common divisor of t and 8.
8
Let j(n) = n**2 - 7*n + 5. Let u(q) = q**2 - 13*q + 9. Let l(p) = 5*j(p) - 3*u(p). Let b be l(3). What is the greatest common divisor of b and 4?
4
Suppose -142 - 338 = -4*f. Calculate the greatest common divisor of 24 and f.
24
Suppose 8*u - 15 = 3*u. Suppose -u*r = -5*p - 94, r + 3*r = 2*p + 116. Suppose 3*w - w - r = 0. What is the greatest common divisor of w and 98?
14
Suppose 8*h = 5*h + 51. What is the highest common divisor of 68 and h?
17
Let p be -10 + 14 - (1 - 1). What is the highest common divisor of p and 28?
4
Let v be (-20)/(-3)*(-84)/(-7). Calculate the greatest common divisor of 8 and v.
8
Let q = -8 - -10. Suppose -2*m + 50 = -q*r + 6*r, 4*r + m - 55 = 0. What is the greatest common factor of 5 and r?
5
Let c(g) = 6*g**3 - 3*g**2 + g - 2. Let i be c(2). Suppose 3*u - 8*u + 33 = y, y + u = 21. Calculate the greatest common factor of i and y.
18
Suppose -m + 4*y + 18 = 0, -y = 2*m + 4*y - 88. Suppose -k = -m - 5. Suppose 0 = -z - 0 + 13. Calculate the highest common factor of z and k.
13
Let i be (-27)/6 + (-2)/4. Let w = 11 + i. Let t be (-2 - 1/(-1)) + 4. Calculate the highest common divisor of w and t.
3
Let q = 22 + -20. Calculate the greatest common divisor of q and 10.
2
Let l = 17 + 127. What is the greatest common factor of l and 18?
18
Let y = 6 - -3. Let c = y + 0. Let l be (-5 - 1)*(-42)/4. What is the highest common factor of l and c?
9
Let k be 17/(-3) - (-6)/9. Let p = 9 + k. Suppose -5*w - 3*h + 15 = -p, 4*w - 5*h = 30. What is the highest common factor of w and 10?
5
Let o(m) = -m + 4. Let f be o(-3). What is the greatest common divisor of 35 and f?
7
Suppose -u + 5 = -2*p - 5, -3*p = 12. Let d = -31 + 43. Let i be (-3)/2*(-176)/d. Calculate the highest common factor of u and i.
2
Let n = -5 - -7. Suppose -3*q - 10 + 78 = 4*m, n*q - 60 = m. Calculate the highest common divisor of 7 and q.
7
Let f(t) = t**2 - 10*t + 9. Let g be f(6). Let i = 43 + g. What is the greatest common divisor of 4 and i?
4
Let n(h) = -23*h - 2. Let w be n(-2). Calculate the highest common divisor of 110 and w.
22
Let k(c) = 3*c**3 - c**2 - c + 1. Let f be k(1). Suppose 5*l + 55 = 5*r + 2*l, -f*r + 41 = -5*l. What is the greatest common factor of 80 and r?
8
Let d be 2/(-3) + (-809)/(-3). Suppose 0 = t + 3*i - 135, d = 2*t + 3*i + 2. Suppose -4*m + 56 = 8. What is the greatest common divisor of m and t?
12
Let m = -37 + 44. Let p be (-50)/(-4) - 2/4. Let i = p - -16. Calculate the highest common divisor of i and m.
7
Let r be 2*(5/2 - -1). Calculate the highest common divisor of r and 63.
7
Suppose 0 = -9*p + 4*p + 20. Suppose 10 = 2*a - p*a - 4*r, -r + 2 = 2*a. Let c = 4 - 2. What is the highest common divisor of c and a?
1
Let l = 190 - 105. Let r be ((-12)/5)/((-2)/30). Suppose 4*p = 100 + r. Calculate the greatest common divisor of l and p.
17
Suppose -19 = -3*z + 4*w + 26, 3*w = -9. Let d(i) = i**3 + 9*i**2 - 13*i + 14. Let y be d(-10).